f a and 12?
12
Let c(h) be the first derivative of h**2/2 + 3*h + 1. Let y = -9 + 19. Let j be c(y). Calculate the greatest common divisor of j and 130.
13
Let p = -282 - -502. Calculate the greatest common divisor of p and 20.
20
Let h be (-6)/(-2) + (0 - -3). Suppose 6 = 2*a + g, 0 = 3*g + h - 0. What is the greatest common factor of 20 and a?
4
Suppose t + 38 = 3*v, -3*t - 3 + 6 = 0. Calculate the highest common divisor of v and 26.
13
Let u be (60/25)/(-6) + (-2346)/(-15). Calculate the greatest common factor of 13 and u.
13
Let n = 103 - 7. Calculate the greatest common factor of 12 and n.
12
Let z(b) = -b**2 + 9*b. Let h be z(7). Suppose 3*o - h = 2*o. Calculate the highest common factor of o and 84.
14
Let q be ((92/8)/(-1))/((-3)/54). What is the highest common factor of q and 138?
69
Let g(b) = 5*b - 11. Let n(l) = -3*l + 6. Let y(k) = 4*g(k) + 7*n(k). Let d be y(-4). Calculate the greatest common divisor of d and 16.
2
Suppose 3*d - 2*j - 40 = 0, -2*j + 0*j = d - 24. What is the greatest common divisor of d and 40?
8
Let u be -1*0/(-3) - -4. Suppose -u*d = -35 - 21. Calculate the highest common factor of d and 42.
14
Let d(m) = 9*m. Let u be d(3). Let l be -3*(0 + 40/6). Let v be (27/2)/((-15)/l). Calculate the highest common factor of u and v.
9
Suppose 4*u + a = 1223 + 224, -a = -2*u + 731. What is the greatest common divisor of u and 33?
33
Let u = -23 - -25. Suppose u*a - 105 = -2*o - 31, 4*o = 3*a - 104. Calculate the greatest common factor of 9 and a.
9
Let c = 2 + -3. Let s be (-1)/(-1) - -98 - c. Suppose 0*w + 70 = 3*w - 2*d, -2*d = 10. Calculate the greatest common factor of s and w.
20
Let z = -4 + 17. Suppose -3*j + 29 = -400. Calculate the highest common divisor of z and j.
13
Let x(a) = -a**3 + 7*a**2 - 4*a - 3. Let l be x(5). What is the highest common factor of 36 and l?
9
Let q(y) = -2*y**3 - y**2 - 2*y + 2. Let u be q(-2). What is the highest common factor of 54 and u?
18
Let x(z) = 7*z**2 - 12*z + 41. Let i be x(7). Calculate the highest common divisor of 12 and i.
12
Suppose -3*w + 15 = -21. Let t(b) = b**3 - 10*b**2 + 19*b + 17. Let l be t(7). What is the greatest common factor of w and l?
3
Suppose 15 = -2*o + o. Let r be (216/(-10))/(o/50). What is the highest common divisor of r and 18?
18
Let z = -85 + 89. What is the greatest common divisor of 8 and z?
4
Let z be (-10)/15*(-18)/4. Let v be z/2 + (-183)/(-6). Calculate the highest common factor of v and 48.
16
Suppose 0*s + 5*s + 30 = 0. Let v be 164/14 - 4/(-14). Let i be (-34)/s - 8/v. Calculate the highest common divisor of i and 1.
1
Let f(y) = -7*y**3 - 2*y**2 - 5*y - 8. Let l be f(-2). Calculate the greatest common factor of l and 400.
50
Suppose 28 = 3*s - 0*s + 2*a, -3*s = 5*a - 25. Let z be (-4)/12 - 13/(-3). Suppose 0 = z*f - 287 + 7. What is the highest common factor of f and s?
10
Let k(r) be the second derivative of r**4/12 - r**3/6 - 2*r**2 + r. Let w be k(3). What is the highest common factor of w and 3?
1
Let f(v) = -v**3 + 2*v**2 + 4*v - 1. Let b(m) = -2*m - 5. Let p be b(-4). Let r be f(p). Let t = r - -1. Calculate the greatest common factor of t and 6.
3
Suppose 4*v + 0*v = 20. Let p be (-2)/v - 247/(-5). Calculate the highest common factor of 7 and p.
7
Let i(t) = -68*t - 8. Let u be i(-4). Suppose 3*b + b + u = 3*c, -2*b - 6 = 0. Suppose -24 = -2*n - 0*n. Calculate the highest common factor of c and n.
12
Let q = 133 + -12. Calculate the greatest common factor of q and 11.
11
Let c be 167/3 - 3/(-9). Let y = -6 - -6. Suppose -3*n + 24 = -y. Calculate the highest common divisor of n and c.
8
Let c be (0 - -1) + -3 + 7. Calculate the highest common factor of 5 and c.
5
Let m(k) = k**2 - 3*k - 6. Let z be m(5). Let p be 334/z + (-11)/(-22). What is the greatest common divisor of p and 12?
12
Let f(s) = 4 + 3*s + 6*s - 4*s + 5*s**2 + s**3 + 3*s**2. Let k be f(-5). What is the highest common factor of 6 and k?
6
Let h = 117 - 93. Calculate the highest common factor of h and 6.
6
Suppose m = -m - o + 48, 3*o = -12. Calculate the greatest common divisor of 13 and m.
13
Let t be (-5)/20 + (-26)/(-8). Suppose 4*m + 3*p - 3 = 2, -t*m + p + 7 = 0. Suppose 19 = m*v - 1. What is the greatest common divisor of v and 50?
10
Let a = -18 - -20. Let w be 2*(-2 - -3)*a. What is the highest common factor of w and 10?
2
Let x(o) be the third derivative of o**6/120 + o**4/24 + 3*o**3/2 - 6*o**2. Let r be x(0). Calculate the highest common divisor of r and 63.
9
Let k = -64 - -178. What is the greatest common divisor of k and 19?
19
Let u(s) = 12*s + 4. Let j be u(5). Suppose -5*w = -0*w - 400. Suppose -5*p = -a - 4*a + w, 0 = -4*p. Calculate the greatest common factor of j and a.
16
Let q be (21/6 - -1)/((-4)/(-56)). Calculate the highest common divisor of 21 and q.
21
Let b = -16 - -20. Calculate the highest common divisor of 4 and b.
4
Let c(b) = 16*b - 6. Let x be c(3). What is the highest common divisor of x and 6?
6
Suppose 3*t + 3 - 13 = b, -3*b = 5*t + 2. Suppose -4*q = 5*i - 43, 3*q - 4*q + 3*i = t. Calculate the greatest common factor of 63 and q.
7
Suppose -5*y = -3*y - 6. Suppose -y*w + 243 = -186. What is the highest common factor of w and 13?
13
Let r(d) = 9*d + 11. Let y = 18 + -26. Let u be r(y). Let q = u - -97. Calculate the highest common divisor of 12 and q.
12
Suppose 4*u - u = 660. What is the greatest common factor of u and 44?
44
Let y(v) = -5*v - 2. Let l be y(-5). Let f = 49 - l. Suppose f = d + i - 2, 0 = -4*d - 5*i + 116. Calculate the greatest common factor of d and 8.
8
Let q = 3 - -11. What is the greatest common factor of 7 and q?
7
Let i = 7 + -3. Suppose -325 - 19 = -5*r - 2*j, 3*r - 5*j = 225. Suppose -z = i*z - r. Calculate the highest common divisor of 126 and z.
14
Let n(a) = 5*a - 16. Let c(y) = -2*y + 5. Let t(x) = 8*c(x) + 3*n(x). Let v be t(-10). What is the greatest common factor of 3 and v?
1
Let w = 80 + -58. Calculate the greatest common factor of 88 and w.
22
Suppose 3*i + i - 56 = 0. What is the greatest common divisor of i and 2?
2
Let h(p) = p**3 - 5*p**2 - 6*p + 6. Let c be h(6). Suppose 0 = -4*b + 2*u + 34, 0 = -4*b + c*u - u + 25. What is the highest common divisor of b and 50?
10
Let h be 1/(((-6)/3)/(-8)). Let q be h/(-6) - (-802)/6. Let m = q - 53. What is the highest common divisor of 16 and m?
16
Suppose 0 = 2*n + 27 + 249. Let s be (n/(-15))/((-1)/(-20)). What is the highest common divisor of 23 and s?
23
Let c(s) = 1. Let f(r) = -r**2 + 7*r - 10. Let j(n) = 4*c(n) + f(n). Let v be j(4). Calculate the highest common factor of 48 and v.
6
Let f(b) = 5*b**2 - 1. Let v be f(-1). Let l = v - -41. What is the highest common divisor of 9 and l?
9
Suppose 0 = 4*m - 5*f - 10, 4*f = 3*m - 7 - 1. Suppose m = j + j - 42. What is the greatest common factor of 189 and j?
21
Let f be -2*1/((-1)/2). Suppose -4*i + 6 = -3*i - 2*a, 0 = -f*i - a + 24. Let h(j) = 16*j - 14. Let m be h(2). What is the greatest common divisor of m and i?
6
Suppose -p + 66 = p - 4*a, 3*p - 3*a - 84 = 0. Calculate the greatest common factor of 23 and p.
23
Let q be 1 + (-3)/(0 - -3). Suppose 3*g = 5*j - q*j + 39, 0 = g + 5*j - 13. Calculate the highest common divisor of 13 and g.
13
Suppose -5*v - 73 = -5*f - 28, 4*f = -2*v + 60. Calculate the highest common divisor of 52 and f.
13
Suppose 4*t = 434 - 86. Suppose 2*g + 3*g = 2*u - t, 0 = -g + 5. What is the highest common divisor of u and 28?
28
Let t be 4/(-10)*(-20)/(-4). Let r be -1 - t - (3 + -20). What is the highest common divisor of r and 90?
18
Suppose 3*u + 42 = 4*u. Calculate the highest common divisor of 28 and u.
14
Let h be 7/2*2 - -1. Suppose -5*l + 4 = -16. Suppose l*r + 3*p - 337 = -0*r, 5*r - 465 = 5*p. What is the highest common divisor of r and h?
8
Suppose -3*p - 2*p - 2*z = -242, 5*z = -20. Suppose -5*m + p = -10. Calculate the greatest common divisor of m and 6.
6
Let p be 3 + -2*(4 + -69). Calculate the highest common divisor of p and 19.
19
Suppose 5*h - 270 = 260. Suppose -s - 29 = -v, s - 3*s - h = -4*v. Let y = v + -6. Calculate the highest common divisor of 9 and y.
9
Let a be 2 + 2 + -2 - -2. Let n(k) = -3 - k - a - 2*k. Let g be n(-6). What is the greatest common factor of g and 11?
11
Let n(q) = -q**3 - 7*q**2 + 8*q + 9. Let m be n(-8). Let g = m - 0. What 